the ten thousands digit of 7034397?
3
What is the millions digit of 255485854?
5
What is the tens digit of 107488439?
3
What is the tens digit of 4857472866?
6
What is the units digit of 46319037?
7
What is the millions digit of 200439278?
0
What is the ten thousands digit of 4246294596?
9
What is the thousands digit of 446506696?
6
What is the ten millions digit of 27530221?
2
What is the units digit of 1602237642?
2
What is the thousands digit of 2014447491?
7
What is the millions digit of 73948663?
3
What is the millions digit of 48516196?
8
What is the hundred thousands digit of 6953174363?
1
What is the ten millions digit of 278466862?
7
What is the tens digit of 90341761?
6
What is the units digit of 860120382?
2
What is the millions digit of 77581620?
7
What is the hundred thousands digit of 685517397?
5
What is the hundred thousands digit of 112146454?
1
What is the ten thousands digit of 85567964?
6
What is the hundreds digit of 734232368?
3
What is the thousands digit of 28529943?
9
What is the hundred millions digit of 408942090?
4
What is the units digit of 554929136?
6
What is the ten thousands digit of 14860580?
6
What is the tens digit of 361994998?
9
What is the tens digit of 105248841?
4
What is the units digit of 4641939493?
3
What is the hundreds digit of 42090795?
7
What is the units digit of 654183298?
8
What is the hundred millions digit of 182328191?
1
What is the hundreds digit of 8681972?
9
What is the ten thousands digit of 534595913?
9
What is the units digit of 163070216?
6
What is the tens digit of 44208669?
6
What is the hundreds digit of 34045098?
0
What is the hundreds digit of 359184962?
9
What is the ten millions digit of 1141428370?
4
What is the billions digit of 2724993079?
2
What is the millions digit of 413833348?
3
What is the tens digit of 2492883237?
3
What is the hundred thousands digit of 32300929?
3
What is the millions digit of 33796094?
3
What is the ten millions digit of 209439625?
0
What is the hundred thousands digit of 649494678?
4
What is the hundred thousands digit of 3015234699?
2
What is the billions digit of 2797041234?
2
What is the hundred millions digit of 370935924?
3
What is the ten millions digit of 869484244?
6
What is the millions digit of 398548149?
8
What is the tens digit of 1008978406?
0
What is the ten millions digit of 101903936?
0
What is the millions digit of 63459804?
3
What is the millions digit of 55187479?
5
What is the hundred millions digit of 568554113?
5
What is the millions digit of 2231559183?
1
What is the millions digit of 55655677?
5
What is the units digit of 47935784?
4
What is the hundreds digit of 1012019813?
8
What is the hundred millions digit of 899150446?
8
What is the hundreds digit of 157933354?
3
What is the ten thousands digit of 598427663?
2
What is the units digit of 428231735?
5
What is the hundreds digit of 223038047?
0
What is the ten thousands digit of 639137140?
3
What is the thousands digit of 1007606635?
6
What is the tens digit of 507419388?
8
What is the hundred millions digit of 440704758?
4
What is the tens digit of 121018869?
6
What is the units digit of 24724082?
2
What is the millions digit of 785612368?
5
What is the ten thousands digit of 229431248?
3
What is the ten thousands digit of 146594454?
9
What is the tens digit of 2009051725?
2
What is the hundred thousands digit of 1068929256?
9
What is the billions digit of 9212981125?
9
What is the ten thousands digit of 2239455877?
5
What is the units digit of 22618635?
5
What is the ten millions digit of 167804510?
6
What is the hundred thousands digit of 2481744866?
7
What is the hundreds digit of 41268283?
2
What is the units digit of 33855785?
5
What is the thousands digit of 2079117991?
7
What is the tens digit of 25929967?
6
What is the units digit of 2032108709?
9
What is the units digit of 868552010?
0
What is the thousands digit of 43441333?
1
What is the hundred thousands digit of 756060296?
0
What is the ten thousands digit of 2929520889?
2
What is the ten thousands digit of 5993060?
9
What is the hundred millions digit of 907142265?
9
What is the hundred thousands digit of 54693814?
6
What is the hundreds digit of 23945989?
9
What is the millions digit of 353935381?
3
What is the hundred millions digit of 5598723192?
5
What is the thousands digit of 36737061?
7
What is the millions digit of 3032518351?
2
What is the hundred millions digit of 212388911?
2
What is the billions digit of 4643706328?
4
What is the hundreds digit of 5565554639?
6
What is the hundred thousands digit of 9051143906?
1
What is the millions digit of 2661134105?
1
What is the tens digit of 4715725431?
3
What is the thousands digit of 99749060?
9
What is the tens digit of 7374581092?
9
What is the thousands digit of 125370258?
0
What is the hundreds digit of 41113881?
8
What is the tens digit of 9387365911?
1
What is the hundreds digit of 135809947?
9
What is the tens digit of 5589783951?
5
What is the thousands digit of 1243541466?
1
What is the units digit of 2531759672?
2
What is the hundred thousands digit of 88313092?
3
What is the thousands digit of 20288033?
8
What is the hundred thousands digit of 14569496?
5
What is the hundred millions digit of 2011540087?
0
What is the ten millions digit of 273889487?
7
What is the millions digit of 157543225?
7
What is the hundred thousands digit of 45209613?
2
What is the hundred thousands digit of 577244693?
2
What is the units digit of 654836392?
2
What is the hundreds digit of 85805222?
2
What is the units digit of 124543651?
1
What is the hundred thousands digit of 7641375322?
3
What is the units digit of 127356901?
1
What is the ten millions digit of 21283603?
2
What is the ten millions digit of 622590850?
2
What is the units digit of 303594971?
1
What is the hundred millions digit of 1243073602?
2
What is the hundreds digit of 225461463?
4
What is the thousands digit of 58261166?
1
What is the ten millions digit of 84701251?
8
What is the hundred thousands digit of 54108175?
1
What is the tens digit of 53142959?
5
What is the tens digit of 746250199?
9
What is the units digit of 93486450?
0
What is the ten millions digit of 1214208691?
1
What is the hundred thousands digit of 168652828?
6
What is the ten thousands digit of 1107094561?
9
What is the units digit of 33525312?
2
What is the hundreds digit of 66328662?
6
What is the ten thousands digit of 165455659?
5
What is the hundred millions digit of 2161417026?
1
What is the ten thousands digit of 116617986?
1
What is the millions digit of 75847299?
5
What is the hundred thousands digit of 1707586542?
5
What is the billions digit of 1537720674?
1
What is the billions digit of 1924309817?
1
What is the hundred millions digit of 166414209?
1
What is the hundred thousands digit of 9623184?
6
What is the tens digit of 111194242?
4
What is the tens digit of 458961492?
9
What is the hundreds digit of 5780663861?
8
What is the hundreds digit of 248972227?
2
What is the hundreds digit of 1047912488?
4
What is the millions digit of 2570607400?
0
What is the tens digit of 57502103?
0
What is the thousands digit of 74014141?
4
What is the millions digit of 406808914?
6
What is the thousands digit of 1921146428?
6
What is the tens digit of 1494194144?
4
What is the hundreds digit of 3372288293?
2
What is the hundred millions digit of 718669388?
7
What is the ten millions digit of 2414211853?
1
What is the hundred millions digit of 2159807376?
1
What is the hundred millions digit of 6017812335?
0
What is the millions digit of 25575899?
5
What is the ten millions digit of 439888602?
3
What is the tens digit of 183752070?
7
What is the thousands digit of 52431327?
1
What is the hundreds digit of 5611472195?
1
What is the units digit of 904476057?
7
What is the units digit of 1454529785?
5
What is the ten millions digit of 3931562886?
3
What is the tens digit of 254562492?
9
What is the millions digit of 11521594?
1
What is the units digit of 657898132?
2
What is the hundred thousands digit of 430728500?
7
What is the ten thousands digit of 67550150?
5
What is the hundreds digit of 194233750?
7
What is the ten millions digit of 131579533?
3
What is the millions digit of 232379289?
2
What is the millions digit